8
2365
What is 11011111 (base 2) in base 15?
ed
What is 477d (base 14) in base 12?
7263
-1322 (base 6) to base 16
-152
2554 (base 9) to base 8
3570
Convert 100211 (base 4) to base 3.
1110022
Convert 4478 (base 12) to base 11.
5771
Convert 2245 (base 6) to base 4.
20111
What is 4119 (base 11) in base 9?
7442
-2a27 (base 13) to base 5
-143432
What is -627 (base 15) in base 16?
-56b
What is -b064 (base 14) in base 10?
-30272
What is -57120 (base 9) in base 3?
-1221010200
What is 22052 (base 7) in base 5?
134100
Convert -13312 (base 4) to base 11.
-417
What is -1211020 (base 3) in base 15?
-5d9
10002 (base 5) to base 9
766
Convert -56d0 (base 14) to base 4.
-3223212
Convert -41ea (base 15) to base 3.
-201010111
What is 857 (base 12) in base 4?
103003
What is -51130 (base 6) in base 12?
-3aa6
What is -1246 (base 14) in base 13?
-15c0
Convert -266 (base 15) to base 10.
-546
Convert -388 (base 15) to base 12.
-56b
Convert -101100111 (base 2) to base 12.
-25b
1973 (base 11) to base 4
213010
-102302131 (base 4) to base 8
-226235
5a7d (base 15) to base 9
28351
What is 288 (base 10) in base 5?
2123
Convert 3101 (base 16) to base 4.
3010001
What is -24 (base 15) in base 16?
-22
111211112 (base 3) to base 13
478a
13201 (base 6) to base 5
31032
What is -3c0 (base 13) in base 14?
-355
1e95 (base 15) to base 6
50505
What is -1b43 (base 12) in base 2?
-110100100011
What is -25497 (base 10) in base 6?
-314013
16335 (base 9) to base 8
25712
What is -2b4 (base 12) in base 5?
-3144
Convert 331202 (base 4) to base 16.
f62
What is d534 (base 14) in base 2?
1000111101011010
What is 401213 (base 5) in base 15?
3b58
11001100 (base 2) to base 6
540
Convert 184b (base 13) to base 15.
110c
1e2 (base 15) to base 6
2005
Convert -17146 (base 13) to base 11.
-30202
Convert -662 (base 13) to base 15.
-4ce
What is -722 (base 14) in base 5?
-21102
What is 2337 (base 9) in base 7?
5026
12be (base 16) to base 9
6521
-1100110 (base 4) to base 8
-12024
1280 (base 10) to base 6
5532
What is -253 (base 13) in base 2?
-110010110
Convert 316 (base 9) to base 7.
516
What is 2220020011 (base 3) in base 16?
dec4
What is -1100011100 (base 2) in base 3?
-1002111
Convert -22033 (base 4) to base 12.
-467
Convert 2565 (base 12) to base 6.
31405
Convert 92c9 (base 14) to base 12.
12755
What is 45 (base 10) in base 14?
33
Convert 2105 (base 6) to base 11.
3a0
Convert -192 (base 12) to base 4.
-3332
231 (base 9) to base 10
190
-288 (base 13) to base 15
-200
Convert -2da (base 15) to base 11.
-546
114222 (base 6) to base 5
310042
4554 (base 12) to base 5
221241
-1806 (base 10) to base 14
-930
-884 (base 12) to base 11
-a39
2103320 (base 5) to base 14
c9a3
2599 (base 13) to base 16
14f5
-10111111001 (base 2) to base 9
-2078
What is -231023 (base 4) in base 5?
-43031
Convert 3390 (base 11) to base 14.
18a3
12450 (base 7) to base 3
11112220
What is 32412 (base 7) in base 8?
17636
What is 1126 (base 10) in base 5?
14001
Convert -b089 (base 13) to base 15.
-72da
3302 (base 5) to base 15
202
3203 (base 5) to base 15
1d8
-900 (base 14) to base 8
-3344
Convert -573 (base 12) to base 10.
-807
What is 10011101010 (base 2) in base 15?
58d
-1101000 (base 3) to base 11
-829
Convert 1044123 (base 5) to base 16.
48e7
23210 (base 7) to base 9
8125
41107 (base 8) to base 9
25242
-22110121 (base 3) to base 15
-1c67
Convert 11100100100 (base 2) to base 11.
1412
What is 1139 (base 10) in base 8?
2163
14f (base 16) to base 10
335
10211111 (base 3) to base 10
2794
What is -1454a (base 15) in base 13?
-23968
What is 11313 (base 10) in base 14?
41a1
Convert 120000110 (base 3) to base 15.
339c
Convert -2433 (base 15) to base 9.
-11503
Convert -1000101110 (base 2) to base 7.
-1425
-1250 (base 6) to base 9
-383
7177 (base 16) to base 8
70567
Convert 154 (base 13) to base 6.
1034
1164 (base 9) to base 6
4004
Convert -2f47 (base 16) to base 5.
-341403
-260 (base 15) to base 10
-540
What is 32323 (base 6) in base 4?
1011123
What is -20505 (base 6) in base 9?
-3725
Convert 34a (base 12) to base 8.
752
2003313 (base 4) to base 11
6382
What is -494 (base 13) in base 2?
-1100011101
-455513 (base 6) to base 4
-21133011
1122211 (base 3) to base 7
3346
What is -11360 (base 7) in base 3?
-11000122
83f (base 16) to base 13
c65
-10212222 (base 3) to base 14
-1066
What is 434 (base 10) in base 15?
1de
-506 (base 11) to base 10
-611
What is -3325 (base 9) in base 12?
-1505
0 (base 6) to base 5
0
Convert 2304 (base 5) to base 9.
405
What is 32b (base 16) in base 10?
811
Convert -66b3 (base 14) to base 4.
-10112011
-1100101100 (base 2) to base 14
-420
Convert -10a9 (base 16) to base 9.
-5758
What is 1122230 (base 4) in base 14?
2188
What is 30536 (base 11) in base 9?
67118
16509 (base 10) to base 8
40175
What is 522 (base 11) in base 8?
1165
14362 (base 11) to base 12
b978
What is 10212211 (base 3) in base 7?
11152
What is 774 (base 9) in base 4?
21322
What is -170751 (base 8) in base 10?
-61929
-327 (base 14) to base 15
-2b8
What is 1296 (base 10) in base 15?
5b6
What is 21211 (base 4) in base 11?
508
What is -6411 (base 8) in base 6?
-23241
What is -111122200 (base 3) in base 11?
-752a
-1e (base 16) to base 6
-50
What is 15b3a (base 15) in base 5?
4220110
Convert 73475 (base 10) to base 5.
4322400
-10818 (base 13) to base 7
-153162
Convert -8ec (base 16) to base 2.
-100011101100
7327 (base 10) to base 12
42a7
Convert 7940 (base 12) to base 3.
200102210
28e9 (base 16) to base 11
7961
What is -1c8 (base 13) in base 2?
-101001101
992 (base 12) to base 10
1406
What is 8a4a (base 11) in base 2?
10111010001000
Convert 1101102 (base 3) to base 16.
3f2
What is 152 (base 16) in base 4?
11102
What is 71 (base 13) in base 16?
5c
What is -1251 (base 7) in base 2?
-111011101
-48 (base 11) to base 5
-202
35713 (base 8) to base 5
442212
What is 307 (base 11) in base 8?
562
What is -39e (base 15) in base 5?
-11244
-10222 (base 3) to base 2
-1101011
-165 (base 7) to base 5
-341
Convert 10ca (base 14) to base 13.
143a
-1001001000101010 (base 2) to base 5
-2144133
Convert -a6 (base 11) to base 9.
-138
What is 8ac (base 16) in base 4?
202230
-26f (base 16) to base 7
-1550
-11212 (base 7) to base 14
-1079
What is 110110100101011 (base 2) in base 9?
42302
Convert 145a9 (base 12) to base 9.
43073
-882 (base 10) to base 3
-1012200
14290 (base 10) to base 5
424130
31211 (base 4) to base 12
605
-1121110201 (base 3) to base 5
-2003230
What is 2131022 (base 4) in base 12?
59a2
Convert 443344 (base 5) to base 10.
15474
-1211 (base 15) to base 8
-7401
What is -1011002 (base 4) in base 12?
-2682
What is -2003 (base 5) in base 7?
-511
What is -18220 (base 10) in base 13?
-83a7
Convert -433 (base 16) to base 10.
-1075
Convert -10011001001010110 (base 2) to base 16.
-13256
What is 432 (base 12) in base 7?
1535
43244 (base 5) to base 9
4036
-41db (base 14) to base 11
-85a2
-230131 (base 4) to base 14
-1073
-2006b (base 12) to base 13
-15bb7
Convert 1000000100 (base 2) to base 4.
20010
-2202202002 (base 3) to base 7
-314600
Convert -5a36 (base 11) to base 5.
-223104
Convert 139a (base 13) to base 5.
42311
-111111001 (base 2) to base 12
-361
-272 (base 11) to base 9
-386
What is -4033 (base 5) in base 11?
-431
Convert 948 (base 14) to base 13.
aa8
-9a3 (base 11) to base 16
-4b2
What is 2466 (base 9) in base 3?
2112020
What is -610 (base 10) in base 16?
-262
Convert -47688 (base 9) to base 12.
-16575
Convert 25ac (base 14) to base 15.
1e65
What is -43155 (base 9) in base 14?
-a5a2
What is -154 (base 8) in base 16?
-6c
-1853a (base 12) to base 13
-13105
What is 6a8 (base 14) in base 7?
3601
What is -10234 (base 8) in base 5?
-114002
What is 4dc (base 15) in base 2?
10001010011
102011222 (base 3) to base 16
1fd9
What is 96 (base 16) in base 4?
2112
Convert 330 (base 12) to base 5.
3333
What is -123176 (base 9) in base 7?
-430140
Convert -4335 (base 6) to base 10.
-995
11311200 (base 4) to base 12
11a00
-936 (base 13) to base 14
-7dc
What is -21221 (base 3) in base 2?
-11010110
-1010302 (base 4) to base 3
-20001001
What is -e3e8 (base 15) in base 13?
-18bb4
What is -227 (base 11) in base 10?
-271
What is -d7 (base 16) in base 7?
-425
122341 (base 5) to base 15
15eb
24121 (base 5) to base 3
2110011
33552 (base 6) to base 15
1618
-1108 (base 12) to base 7
-5324
Convert -102012